hat is the greatest common factor of t and o?
20
Let b = 102 - 38. Suppose 46 + b = 5*p. Let z = p + -14. Calculate the greatest common factor of 2 and z.
2
Let o(i) = -i**3 + 4*i**2 - 4*i + 2. Let g be o(2). Suppose 0*m + 198 = -22*m. Let c be m + 4 + g + 190. Calculate the greatest common divisor of 17 and c.
17
Let d(o) = 14*o**2 - 8*o + 8. Let v be d(2). Calculate the greatest common divisor of 42 and v.
6
Suppose 13 = -c + 40. Calculate the greatest common factor of c and 135.
27
Suppose 5*r = -2*k - 2*k + 15, -k = -2*r + 19. Suppose -r*c + 5*g + 69 = -5*c, -3*c + 138 = 4*g. What is the highest common divisor of c and 14?
14
Suppose 42*n = 2*r + 40*n - 8, -r = 4*n - 29. Calculate the highest common factor of 18 and r.
9
Let j = -15 - -65. Suppose -5*l - x - 196 + 59 = 0, -5*x = 10. Let f = j + l. Calculate the greatest common factor of 253 and f.
23
Suppose 0 = 62*u - 28821 + 4021. What is the highest common divisor of 300 and u?
100
Let y = 34 - 14. Let k = 1888 - 1728. Calculate the greatest common factor of k and y.
20
Let v(x) be the third derivative of -23*x**4/24 + x**3/2 - 14*x**2. Let n be v(-2). What is the greatest common divisor of n and 7?
7
Let x = -10 + 16. Suppose -5*y = -4*v - 2, 2 = 3*y - 4. Let k be v*(-3)/(-2)*18. Calculate the highest common factor of k and x.
6
Suppose -4416 - 129396 = -59*z. What is the greatest common divisor of 108 and z?
108
Suppose 0 = -4*s - 16, 4*s + 33 = 17*o - 16*o. Suppose 4*k = -0*k + 748. What is the highest common divisor of k and o?
17
Suppose -5*b + 135 = -45. What is the highest common factor of b and 171?
9
Let r = -340 + 355. Calculate the greatest common divisor of 105 and r.
15
Let k be (70/(-4))/5*2. Let x be 20*((-140)/8)/k. Suppose -m - x = -6*m. What is the greatest common factor of 4 and m?
2
Suppose 25 = 4*d - 223. Let y = d - 40. Let s(c) = -c**2 + 16*c - 6. Let i be s(3). Calculate the highest common factor of y and i.
11
Suppose 5*g = -0*g - 30. Let s(m) = -3*m + 30. Let u be s(g). What is the highest common divisor of 120 and u?
24
Let k(m) = -23*m**2 + 11*m - 3. Let z(f) = -12*f**2 + 5*f - 2. Let y(t) = 2*k(t) - 5*z(t). Let s be y(4). What is the greatest common divisor of s and 36?
36
Let z be -1 + (-8)/(-7) + (-22191)/(-91). Calculate the greatest common divisor of 61 and z.
61
Suppose -375 = -4*y + 153. Let s = 6 - -8. Let n be (-27)/(-2) - 21/s. What is the greatest common divisor of n and y?
12
Suppose 2*d + b - 411 = 0, -4*d - 3*b - 292 + 1115 = 0. Suppose 2*t + 2 = -3*f + 107, -3*t = -5*f - d. Calculate the greatest common factor of 45 and t.
15
Let w be 6/15 - 8/20. Suppose -3*h + 2 - 8 = w. Let a(n) = n**2 - n + 1. Let b be a(h). Calculate the highest common factor of b and 14.
7
Suppose -92*w = -96*w + 236. Let j = w + -29. Suppose 5*l - l = 24. What is the highest common divisor of l and j?
6
Let d be (-1 - 2) + -17 + -1. Let i(g) = g + 1. Let v be i(6). Let u = v - d. What is the greatest common divisor of u and 4?
4
Suppose -3*r - a + 27 + 8 = 0, 0 = 4*a - 20. Let x be (-41 + 40)*(1 - 0/1). Let p be (0 + x)/(7/(-210)). Calculate the greatest common factor of r and p.
10
Suppose 46*t - 33*t = 5824. Calculate the greatest common factor of t and 56.
56
Suppose -2*w + 9 = -27. Let t = 440 - 350. Calculate the highest common divisor of t and w.
18
Suppose 7*m = 4*m + 204. Let n = m + -38. Calculate the greatest common factor of 210 and n.
30
Suppose -j - 21 = -2*i, 3*i + 55 = 8*i - 5*j. Let h(u) = u**3 - 11*u**2 + 17*u - 10. Let k be h(i). What is the greatest common divisor of 12 and k?
12
Let n = -8 - -13. Suppose -4*g = n*i - 103, i = -0*g + 2*g - 69. Let b = g + 210. Calculate the greatest common factor of b and 22.
22
Let r = -12 - -16. Suppose 0 = 2*c - m - 37, -15 = r*m - m. Let k(q) = 2*q - 23. Let s be k(c). What is the greatest common factor of s and 6?
3
Let z(r) = -4*r**2 + 22*r + 76. Let l(q) = 2*q**2 - 11*q - 37. Let m(w) = 9*l(w) + 4*z(w). Let u be m(9). What is the highest common factor of 238 and u?
34
Let h be (3525/(-94))/((-1)/14). What is the greatest common factor of 21 and h?
21
Let d(p) = 22*p**2 - 12*p - 6. Let k be d(-2). What is the highest common factor of 1378 and k?
106
Let r be 9 + 3 + (0 - 6). Suppose -5*q = -36 + 136. Let p = -18 - q. Calculate the highest common divisor of p and r.
2
Let p = -2 + 5. Let a be 2 + (-2 + p)*26. Suppose 248 = 5*x + a. Calculate the highest common divisor of 4 and x.
4
Let k = 590 - 338. What is the highest common divisor of 72 and k?
36
Suppose 2*a - 243 = -3*a - i, -2*a + 5*i + 81 = 0. Let c(t) = -2*t**3 + t**2 - 2*t - 2. Let l be c(-1). Calculate the highest common factor of l and a.
3
Let c = -172 - -52. Let d be c/(-28) + (-6)/21. Suppose d*i - 50 = 2*i. Calculate the greatest common factor of i and 100.
25
Let b be (-17 - 15)/(1/(-29)*2). Calculate the highest common divisor of b and 16.
16
Let y(i) = i**2 + 10*i + 7. Let c be y(-10). Let b be -255 + c/((-21)/(-12)). Let x = 438 + b. What is the greatest common factor of x and 17?
17
Suppose -5*a = 6 + 174. Let i be 1/4 + (-855)/a. Calculate the greatest common divisor of 72 and i.
24
Let b = 772 + -707. Calculate the greatest common factor of 91 and b.
13
Suppose 3*d = 2*d + 2. Suppose -6*q + 144 = -d*q. Calculate the greatest common divisor of 24 and q.
12
Let i be ((-256)/(-12))/(-8)*-36. What is the highest common factor of 32 and i?
32
Let x = 46 + -37. Suppose 5*h = -3*w + 120, -2*w - 5*h + 71 = -x. Calculate the highest common divisor of 8 and w.
8
Let q be 2/(6/9) + -19. Let v = -137 + 147. Let z = v - q. Calculate the highest common factor of z and 234.
26
Suppose 4*h - 4516 = 1004. Suppose 4*o + 0*o - h = 0. Suppose -3*j + 8*j - o = 0. What is the highest common divisor of 46 and j?
23
Let o be ((-15)/2)/(6/(-16)). Suppose -14*j = -16*j - 12. Let l = o + j. Calculate the greatest common factor of 56 and l.
14
Let k = -62 + 74. Suppose k*c = 6*c + 96. What is the greatest common divisor of 32 and c?
16
Let j be (-2)/(((-3)/8)/3). Let o(l) = -2*l - 6. Suppose -5*z - 3 = 17. Let r be o(z). Calculate the highest common factor of r and j.
2
Let a(d) = -2*d**3 - 4*d**2 + 30*d + 3. Let g be a(-5). Calculate the greatest common factor of 96 and g.
3
Let v(n) = -34*n + 19. Let r be v(-7). Suppose r*u = 260*u - 111. Calculate the greatest common factor of 37 and u.
37
Suppose 9 = -5*s + 4*r, 2*s + r = 6*r - 7. Let b be (34/s)/(-2) - 0. Let z = 258 - 139. Calculate the highest common factor of b and z.
17
Let v(f) = -5*f**2 - 35*f + 54. Let a be v(-8). What is the greatest common divisor of a and 98?
14
Suppose 0 = -3*h - h - 88. Let a = 184 + h. What is the highest common divisor of a and 18?
18
Let o(t) = 5*t - 16. Let i be o(8). Let s be (-3)/(-3) - 7*-17. Calculate the highest common factor of i and s.
24
Let d(u) = 68*u**2 + 5*u - 3. Let s be d(-1). Calculate the greatest common divisor of 84 and s.
12
Let y be ((-4)/5)/(32/(-80)). Suppose 2*x - c - 7 = y*c, -2*c = 5*x - 27. Calculate the highest common divisor of x and 25.
5
Let o = -27 + 40. Let y(b) = -b**3 + 14*b**2 + 2*b - 15. Let s be y(14). Calculate the highest common factor of o and s.
13
Suppose 8*c - 224 + 0 = 0. What is the greatest common factor of c and 40?
4
Suppose -8*h + 220 = -4*h. Calculate the greatest common divisor of h and 5.
5
Let z be -3*(-3)/(-15) - 252/(-45). Suppose -15*y = -z*y - 210. Calculate the highest common factor of y and 9.
3
Suppose -5*n + 90 = a, -3*a + 30 = 2*n + 7. Let u = n + -16. Let c be 45 + (-2 + 4 - u). What is the greatest common divisor of 11 and c?
11
Let j = 36 + -30. Let q(x) = 2*x**3 - 10*x**2 + 6*x + 4. Let k be q(j). What is the greatest common factor of k and 16?
16
Let x(r) = r**3 - 14*r**2 - 9*r - 13. Let p be x(15). Let a be (22/3)/(2/3). What is the highest common factor of p and a?
11
Suppose 0 = -3*b - 4*b + 70. Suppose l - b*l + 126 = 0. What is the greatest common factor of 7 and l?
7
Suppose 5*h = -4*t + 916 + 51, 0 = -2*h - t + 385. Suppose -3*a + h = -2*b, -3*a = -0*a - 5*b - 194. Calculate the greatest common divisor of 21 and a.
21
Let l be 2/8 - (-851)/148. Calculate the highest common factor of l and 534.
6
Suppose 8*b = -0*b + 5*b. Suppose 5*l - 699 - 251 = b. Calculate the highest common divisor of 38 and l.
38
Let